{"id":675,"date":"2020-07-22T16:04:59","date_gmt":"2020-07-22T14:04:59","guid":{"rendered":"http:\/\/www.empp.co.uk\/wordpress\/?page_id=675"},"modified":"2023-04-12T17:16:19","modified_gmt":"2023-04-12T15:16:19","slug":"wynajem-sali","status":"publish","type":"page","link":"https:\/\/www.empp.co.uk\/wordpress\/wynajem-sali\/","title":{"rendered":"Wynajem sali"},"content":{"rendered":"\n<h2 class=\"wp-block-heading\"><strong>Wynajem sali<\/strong><\/h2>\n\n\n<p>Sala konferencyjna SPS znajduj\u0105ca si\u0119 w samym centrum Radford, jest doskona\u0142ym miejscem do organizowania spotka\u0144, warsztat\u00f3w, szkole\u0144, prezentacji oraz konferencji.<\/p>\n<p>\u2013 Powierzchnia 56 metr\u00f3w kwadratowych<br \/>\u2013 Dost\u0119pne: projektor, laptop, ekran, tablica do pisania<br \/>\u2013 Dost\u0119p do Internetu<br \/>\u2013 40 krzese\u0142 i sto\u0142y, kt\u00f3re mo\u017cna dowolnie ustawi\u0107<br \/>\u2013 Kilka miejsc parkingowych<br \/>\u2013 Podjazd dla niepe\u0142nosprawnych (do dyspozycji od poniedzia\u0142ku do pi\u0105tku od 9 do 17)<br \/>\u2013 W pobli\u017cu przystanek tramwajowy High School i wiele przystank\u00f3w autobusowych<br \/>\u2013 Termosy, kawa, herbata<br \/>\u2013 Przek\u0105ski mo\u017cna zam\u00f3wi\u0107 za dodatkow\u0105 op\u0142at\u0105<\/p>\n<p>Rezerwacji mo\u017cna dokona\u0107 dzwoni\u0105c pod numer 01159781396 lub wysy\u0142aj\u0105c e-mail na adres info.empp@empp.co.uk.<\/p>\n<p>Wynaj\u0119cie sali na 5 kolejnych sesji upowa\u017cnia do 15% rabatu.<\/p>\n\n\n<div class=\"wp-block-image\"><figure class=\"aligncenter\"><img loading=\"lazy\" decoding=\"async\" width=\"406\" height=\"394\" src=\"https:\/\/www.empp.co.uk\/wordpress\/wp-content\/uploads\/2023\/04\/sala-konferencyjna.png\" alt=\"\" class=\"wp-image-2240\" srcset=\"https:\/\/www.empp.co.uk\/wordpress\/wp-content\/uploads\/2023\/04\/sala-konferencyjna.png 406w, https:\/\/www.empp.co.uk\/wordpress\/wp-content\/uploads\/2023\/04\/sala-konferencyjna-300x291.png 300w\" sizes=\"auto, (max-width: 406px) 100vw, 406px\" \/><\/figure><\/div>\n","protected":false},"excerpt":{"rendered":"<p>Wynajem sali Sala konferencyjna SPS znajduj\u0105ca si\u0119 w samym centrum Radford, jest doskona\u0142ym miejscem do organizowania spotka\u0144, warsztat\u00f3w, szkole\u0144, prezentacji oraz konferencji. \u2013 Powierzchnia 56 metr\u00f3w kwadratowych\u2013 Dost\u0119pne: projektor, laptop, ekran, tablica do pisania\u2013 Dost\u0119p do Internetu\u2013 40 krzese\u0142 i sto\u0142y, kt\u00f3re mo\u017cna dowolnie ustawi\u0107\u2013 Kilka miejsc parkingowych\u2013 Podjazd dla niepe\u0142nosprawnych (do dyspozycji od poniedzia\u0142ku [&hellip;]<\/p>\n","protected":false},"author":1,"featured_media":0,"parent":0,"menu_order":0,"comment_status":"closed","ping_status":"closed","template":"","meta":{"footnotes":""},"class_list":["post-675","page","type-page","status-publish","hentry"],"_links":{"self":[{"href":"https:\/\/www.empp.co.uk\/wordpress\/wp-json\/wp\/v2\/pages\/675","targetHints":{"allow":["GET"]}}],"collection":[{"href":"https:\/\/www.empp.co.uk\/wordpress\/wp-json\/wp\/v2\/pages"}],"about":[{"href":"https:\/\/www.empp.co.uk\/wordpress\/wp-json\/wp\/v2\/types\/page"}],"author":[{"embeddable":true,"href":"https:\/\/www.empp.co.uk\/wordpress\/wp-json\/wp\/v2\/users\/1"}],"replies":[{"embeddable":true,"href":"https:\/\/www.empp.co.uk\/wordpress\/wp-json\/wp\/v2\/comments?post=675"}],"version-history":[{"count":11,"href":"https:\/\/www.empp.co.uk\/wordpress\/wp-json\/wp\/v2\/pages\/675\/revisions"}],"predecessor-version":[{"id":2243,"href":"https:\/\/www.empp.co.uk\/wordpress\/wp-json\/wp\/v2\/pages\/675\/revisions\/2243"}],"wp:attachment":[{"href":"https:\/\/www.empp.co.uk\/wordpress\/wp-json\/wp\/v2\/media?parent=675"}],"curies":[{"name":"wp","href":"https:\/\/api.w.org\/{rel}","templated":true}]}}