{"id":317,"date":"2020-06-10T18:34:12","date_gmt":"2020-06-10T16:34:12","guid":{"rendered":"http:\/\/www.empp.co.uk\/wordpress\/?page_id=317"},"modified":"2023-04-18T14:12:09","modified_gmt":"2023-04-18T12:12:09","slug":"wolontariat","status":"publish","type":"page","link":"https:\/\/www.empp.co.uk\/wordpress\/wolontariat\/","title":{"rendered":"Wolontariat"},"content":{"rendered":"\n<h2 class=\"wp-block-heading\">Wolontariat<\/h2>\n\n\n<h5>Serdecznie zapraszamy do wsp\u00f3\u0142pracy osoby, kt\u00f3re chc\u0105 zosta\u0107 wolontariuszami. Razem z nami mo\u017cna poszerzy\u0107 swoje do\u015bwiadczenie zawodowe, zrobi\u0107 co\u015b dobrego dla polskiej spo\u0142eczno\u015bci i znale\u017a\u0107 nowych przyjaci\u00f3\u0142.<\/h5>\n<h5>Co m\u00f3wi\u0105 o nas nasi wolontariusze?<\/h5>\n<blockquote>\n<p><em>&#8222;Moja przygoda z wolontariatem zacz\u0119\u0142a si\u0119 lata temu w SPS. To dzi\u0119ki niej rozwijam swoj\u0105 pasj\u0119, jak\u0105 jest fotografia, opanowuj\u0119 podstawy rachunkowo\u015bci i spotykam nowych, interesuj\u0105cych ludzi. Wolontariat jest r\u00f3wnie\u017c najlepszym lekarstwem na moj\u0105 depresj\u0119.&#8221;<\/em><\/p>\n<p><em>&#8222;Jestem bardzo \u017cywio\u0142ow\u0105 osob\u0105, kt\u00f3ra kocha ludzi, zw\u0142aszcza dzieci. Wolontariat daje mi du\u017co rado\u015bci i poczucie spe\u0142nienia. Ciesz\u0119 si\u0119, \u017ce mog\u0119 promowa\u0107 polsk\u0105 kultur\u0119 w Wielkiej Brytanii i uczy\u0107 si\u0119 o \u017cyciu cz\u0142onk\u00f3w innych spo\u0142eczno\u015bci. Z ca\u0142ego serca polecam wolontariat w SPS.&#8221;&nbsp;&nbsp;<\/em><\/p>\n<\/blockquote>\n<p>Ch\u0119tnie nawi\u0105\u017cemy wsp\u00f3\u0142prac\u0119 z t\u0142umaczami j\u0119zyka angielskiego, dziennikarzami, pisarzami i pedagogami, oraz wszystkimi innymi osobami, kt\u00f3re chcia\u0142yby pom\u00f3c SPS w organizacji imprez i obs\u0142udze klient\u00f3w.<\/p>\n<p><img loading=\"lazy\" decoding=\"async\" class=\"alignleft size-large wp-image-869\" src=\"http:\/\/www.empp.co.uk\/wordpress\/wp-content\/uploads\/2020\/09\/wolontariat7-1024x546.jpg\" alt=\"\" width=\"1024\" height=\"546\"><\/p>\n\n\n<figure class=\"wp-block-image\"><img loading=\"lazy\" decoding=\"async\" width=\"1024\" height=\"768\" src=\"https:\/\/www.empp.co.uk\/wordpress\/wp-content\/uploads\/2023\/04\/wolontariat-1024x768.png\" alt=\"\" class=\"wp-image-2237\" srcset=\"https:\/\/www.empp.co.uk\/wordpress\/wp-content\/uploads\/2023\/04\/wolontariat-1024x768.png 1024w, https:\/\/www.empp.co.uk\/wordpress\/wp-content\/uploads\/2023\/04\/wolontariat-300x225.png 300w, https:\/\/www.empp.co.uk\/wordpress\/wp-content\/uploads\/2023\/04\/wolontariat-768x576.png 768w, https:\/\/www.empp.co.uk\/wordpress\/wp-content\/uploads\/2023\/04\/wolontariat-600x450.png 600w, https:\/\/www.empp.co.uk\/wordpress\/wp-content\/uploads\/2023\/04\/wolontariat.png 1280w\" sizes=\"auto, (max-width: 1024px) 100vw, 1024px\" \/><\/figure>\n","protected":false},"excerpt":{"rendered":"<p>Wolontariat Serdecznie zapraszamy do wsp\u00f3\u0142pracy osoby, kt\u00f3re chc\u0105 zosta\u0107 wolontariuszami. Razem z nami mo\u017cna poszerzy\u0107 swoje do\u015bwiadczenie zawodowe, zrobi\u0107 co\u015b dobrego dla polskiej spo\u0142eczno\u015bci i znale\u017a\u0107 nowych przyjaci\u00f3\u0142. Co m\u00f3wi\u0105 o nas nasi wolontariusze? &#8222;Moja przygoda z wolontariatem zacz\u0119\u0142a si\u0119 lata temu w SPS. To dzi\u0119ki niej rozwijam swoj\u0105 pasj\u0119, jak\u0105 jest fotografia, opanowuj\u0119 podstawy [&hellip;]<\/p>\n","protected":false},"author":1,"featured_media":0,"parent":0,"menu_order":0,"comment_status":"closed","ping_status":"closed","template":"","meta":{"footnotes":""},"class_list":["post-317","page","type-page","status-publish","hentry"],"_links":{"self":[{"href":"https:\/\/www.empp.co.uk\/wordpress\/wp-json\/wp\/v2\/pages\/317","targetHints":{"allow":["GET"]}}],"collection":[{"href":"https:\/\/www.empp.co.uk\/wordpress\/wp-json\/wp\/v2\/pages"}],"about":[{"href":"https:\/\/www.empp.co.uk\/wordpress\/wp-json\/wp\/v2\/types\/page"}],"author":[{"embeddable":true,"href":"https:\/\/www.empp.co.uk\/wordpress\/wp-json\/wp\/v2\/users\/1"}],"replies":[{"embeddable":true,"href":"https:\/\/www.empp.co.uk\/wordpress\/wp-json\/wp\/v2\/comments?post=317"}],"version-history":[{"count":6,"href":"https:\/\/www.empp.co.uk\/wordpress\/wp-json\/wp\/v2\/pages\/317\/revisions"}],"predecessor-version":[{"id":2260,"href":"https:\/\/www.empp.co.uk\/wordpress\/wp-json\/wp\/v2\/pages\/317\/revisions\/2260"}],"wp:attachment":[{"href":"https:\/\/www.empp.co.uk\/wordpress\/wp-json\/wp\/v2\/media?parent=317"}],"curies":[{"name":"wp","href":"https:\/\/api.w.org\/{rel}","templated":true}]}}